{"id":64,"date":"2015-06-08T11:08:47","date_gmt":"2015-06-08T09:08:47","guid":{"rendered":"http:\/\/www.sintecingegneria.it\/vision\/?page_id=64"},"modified":"2017-04-10T13:23:43","modified_gmt":"2017-04-10T11:23:43","slug":"plastica","status":"publish","type":"page","link":"https:\/\/www.sintecingegneria.it\/visione\/index.php\/campi-di-applicazione\/ispezione\/bobine\/plastica\/","title":{"rendered":"Plastica"},"content":{"rendered":"<p><a href=\"http:\/\/www.sintecingegneria.it\/visione\/wp-content\/uploads\/2015\/06\/lastrepvc-copy.jpg\"><img loading=\"lazy\" class=\" size-full wp-image-120 alignleft\" src=\"http:\/\/www.sintecingegneria.it\/visione\/wp-content\/uploads\/2015\/06\/lastrepvc-copy.jpg\" alt=\"lastrepvc copy\" width=\"182\" height=\"169\" \/><\/a>Durante la lavorazione dei materiali plastici \u00e8 fondamentale l&#8217;ispezione ottica per la rilevazione di <strong>buchi, cricche, rotture, ispessimenti, macchie, ammaccature, bolle, sporcizia, mancanza di rivestimenti<\/strong>. I nostri sistemi lavorano in linea al fine di rilevare ognuno di questi problemi e generare un segnale di scarto che pu\u00f2 essere acquisito dal sistema di scarto oppure inviato ad una sirena o una torretta luminosa. L&#8217;ispezione \u00e8 garantita per alte velocit\u00e0 e molti tipi di materiali plastici come lastre in PVC,\u00a0pavimenti in PVC,\u00a0<em>lastre stampate in PET, film per rivestimento,\u00a0plastiche rivestite, nastri adesivi, <strong>pellicole alimentari<\/strong>.<\/em><\/p>","protected":false},"excerpt":{"rendered":"<p>Durante la lavorazione dei materiali plastici \u00e8 fondamentale l&#8217;ispezione ottica per la rilevazione di buchi, cricche, rotture, ispessimenti, macchie, ammaccature, bolle, sporcizia, mancanza di rivestimenti. I nostri sistemi lavorano in linea al fine di rilevare ognuno di questi problemi e generare un segnale di scarto che pu\u00f2 essere acquisito dal sistema di scarto oppure inviato <a href=\"https:\/\/www.sintecingegneria.it\/visione\/index.php\/campi-di-applicazione\/ispezione\/bobine\/plastica\/\" rel=\"nofollow\"><span class=\"sr-only\">Leggi di pi\u00f9Plastica<\/span>[&hellip;]<\/a><\/p>\n","protected":false},"author":1,"featured_media":0,"parent":441,"menu_order":0,"comment_status":"closed","ping_status":"closed","template":"","meta":[],"_links":{"self":[{"href":"https:\/\/www.sintecingegneria.it\/visione\/index.php\/wp-json\/wp\/v2\/pages\/64"}],"collection":[{"href":"https:\/\/www.sintecingegneria.it\/visione\/index.php\/wp-json\/wp\/v2\/pages"}],"about":[{"href":"https:\/\/www.sintecingegneria.it\/visione\/index.php\/wp-json\/wp\/v2\/types\/page"}],"author":[{"embeddable":true,"href":"https:\/\/www.sintecingegneria.it\/visione\/index.php\/wp-json\/wp\/v2\/users\/1"}],"replies":[{"embeddable":true,"href":"https:\/\/www.sintecingegneria.it\/visione\/index.php\/wp-json\/wp\/v2\/comments?post=64"}],"version-history":[{"count":8,"href":"https:\/\/www.sintecingegneria.it\/visione\/index.php\/wp-json\/wp\/v2\/pages\/64\/revisions"}],"predecessor-version":[{"id":498,"href":"https:\/\/www.sintecingegneria.it\/visione\/index.php\/wp-json\/wp\/v2\/pages\/64\/revisions\/498"}],"up":[{"embeddable":true,"href":"https:\/\/www.sintecingegneria.it\/visione\/index.php\/wp-json\/wp\/v2\/pages\/441"}],"wp:attachment":[{"href":"https:\/\/www.sintecingegneria.it\/visione\/index.php\/wp-json\/wp\/v2\/media?parent=64"}],"curies":[{"name":"wp","href":"https:\/\/api.w.org\/{rel}","templated":true}]}}