{"id":451,"date":"2017-04-05T11:21:15","date_gmt":"2017-04-05T09:21:15","guid":{"rendered":"http:\/\/www.sintecingegneria.it\/vision\/?page_id=451"},"modified":"2017-04-10T13:05:08","modified_gmt":"2017-04-10T11:05:08","slug":"campi-di-applicazione","status":"publish","type":"page","link":"https:\/\/www.sintecingegneria.it\/visione\/index.php\/campi-di-applicazione\/","title":{"rendered":"Campi di applicazione"},"content":{"rendered":"<p><\/p>\n<h6>Campi di applicazione della visione artificiale<\/h6>\n<div class=\"col-lg-3 col-sm-3 focus-box\" data-scrollreveal=\"enter left after 0.15s over 1s\" data-sr-init=\"true\" data-sr-complete=\"true\">\n<h5 class=\"red-border-bottom\"><a href=\"http:\/\/www.sintecingegneria.it\/visione\/index.php\/prodotti\/misura\/\">MISURA<br \/>\n<\/a><a href=\"http:\/\/www.sintecingegneria.it\/visione\/index.php\/prodotti\/misura\/\"><img loading=\"lazy\" class=\"alignnone  wp-image-277\" src=\"http:\/\/www.sintecingegneria.it\/visione\/wp-content\/uploads\/2017\/03\/controllo-intro-300x240.jpg\" alt=\"Misura\" width=\"231\" height=\"185\" srcset=\"https:\/\/www.sintecingegneria.it\/visione\/wp-content\/uploads\/2017\/03\/controllo-intro-300x240.jpg 300w, https:\/\/www.sintecingegneria.it\/visione\/wp-content\/uploads\/2017\/03\/controllo-intro.jpg 600w\" sizes=\"(max-width: 231px) 100vw, 231px\" \/><\/a><\/h5>\n<p>Possiamo implementare applicazioni in grado di controllare e verificare tutti i passi del processo produttivo. Viene fornita, ad esempio, la possibilit\u00e0 di verificare che l&#8217;operaio o il robot sia nella posizione desiderata, individuare con precisione l&#8217;oggetto da lavorare, accertarsi che lo strumento corretto per la lavorazione sia quello attualmente in uso, determinare la giusta azione a seconda dello stato osservato del sistema e controllare se ci sono errori.<\/p>\n<\/div>\n<div class=\"col-lg-3 col-sm-3 focus-box\" data-scrollreveal=\"enter left after 0.15s over 1s\" data-sr-init=\"true\" data-sr-complete=\"true\">\n<h5 class=\"red-border-bottom\"><a href=\"http:\/\/www.sintecingegneria.it\/visione\/index.php\/prodotti\/ispezione\/\">ISPEZIONE<br \/>\n<\/a><a href=\"http:\/\/www.sintecingegneria.it\/visione\/index.php\/prodotti\/ispezione\/\"><img loading=\"lazy\" class=\"alignnone  wp-image-280\" src=\"http:\/\/www.sintecingegneria.it\/visione\/wp-content\/uploads\/2017\/03\/ispezione-intro-300x290.jpg\" alt=\"Ispezione\" width=\"166\" height=\"160\" \/><\/a><\/h5>\n<p>Oltre che ad un&#8217;analisi sui materiali \u00e8 anche possibile effettuare diversi controlli sui prodotti. Ad esempio riconoscimento dimensionale e posizionale, rilevamento presenza\/assenza, sagomatura e pattern-matching. I nostri sistemi lavorano in linea al fine di rilevare ognuno di questi problemi e generare un segnale di scarto che pu\u00f2 essere acquisito dal sistema di scarto oppure inviato ad una sirena o una torretta luminosa. L&#8217;ispezione \u00e8 garantita per alte velocit\u00e0 e molti tipi di materiali: carta, tessuto, plastica e lamiera. \u00c8 anche possibile effettuare controlli di qualit\u00e0 e validazioni in tempo reale.<\/p>\n<\/div>\n<div class=\"col-lg-3 col-sm-3 focus-box\" data-scrollreveal=\"enter left after 0.15s over 1s\" data-sr-init=\"true\" data-sr-complete=\"true\">\n<h5 class=\"red-border-bottom\"><a href=\"http:\/\/www.sintecingegneria.it\/visione\/index.php\/prodotti\/confronto\/\">CONFRONTO<br \/>\n<\/a><a href=\"http:\/\/www.sintecingegneria.it\/visione\/index.php\/prodotti\/confronto\/\"><img loading=\"lazy\" class=\"alignnone  wp-image-285\" src=\"http:\/\/www.sintecingegneria.it\/visione\/wp-content\/uploads\/2017\/03\/codici-intro.jpg\" alt=\"Confronto\" width=\"150\" height=\"163\" \/><\/a><\/h5>\n<p>I nostri sistemi sono in grado di leggere codici mono-dimensionali (1D) e bi-dimensionali (2D). Il primo gruppo \u00e8 costituito da codici a barre lineari utilizzati per codificare l&#8217;informazione tramite spazi e linee verticali. Essi sono principalmente utilizzati per rappresentare brevi stringhe (ad esempio, il numero identificativo di un articolo che si pu\u00f2 trovare in un supermercato, od il part number di un ricambio). I codici bi-dimensionali si distinguono tra matrici e codici a righe multiple che rappresentano l&#8217;informazione attraverso blocchi posti all&#8217;interno di una griglia predeterminata. Questo secondo gruppo di codici \u00e8 in grado di rappresentare stringhe pi\u00f9 lunghe (come indirizzi web, recapiti postali e dati identificativi riportati su un badge o carta di imbarco). Si pu\u00f2 anche procedere al riconoscimento ottico di caratteri (OCR) per stringhe alfanumeriche anche su stampa dotted.<\/p>\n<\/div>\n<p><\/p>","protected":false},"excerpt":{"rendered":"<p>Campi di applicazione della visione artificiale MISURA Possiamo implementare applicazioni in grado di controllare e verificare tutti i passi del processo produttivo. Viene fornita, ad esempio, la possibilit\u00e0 di verificare che l&#8217;operaio o il robot sia nella posizione desiderata, individuare con precisione l&#8217;oggetto da lavorare, accertarsi che lo strumento corretto per la lavorazione sia quello <a href=\"https:\/\/www.sintecingegneria.it\/visione\/index.php\/campi-di-applicazione\/\" rel=\"nofollow\"><span class=\"sr-only\">Leggi di pi\u00f9Campi di applicazione<\/span>[&hellip;]<\/a><\/p>\n","protected":false},"author":1,"featured_media":0,"parent":0,"menu_order":0,"comment_status":"closed","ping_status":"closed","template":"","meta":[],"_links":{"self":[{"href":"https:\/\/www.sintecingegneria.it\/visione\/index.php\/wp-json\/wp\/v2\/pages\/451"}],"collection":[{"href":"https:\/\/www.sintecingegneria.it\/visione\/index.php\/wp-json\/wp\/v2\/pages"}],"about":[{"href":"https:\/\/www.sintecingegneria.it\/visione\/index.php\/wp-json\/wp\/v2\/types\/page"}],"author":[{"embeddable":true,"href":"https:\/\/www.sintecingegneria.it\/visione\/index.php\/wp-json\/wp\/v2\/users\/1"}],"replies":[{"embeddable":true,"href":"https:\/\/www.sintecingegneria.it\/visione\/index.php\/wp-json\/wp\/v2\/comments?post=451"}],"version-history":[{"count":6,"href":"https:\/\/www.sintecingegneria.it\/visione\/index.php\/wp-json\/wp\/v2\/pages\/451\/revisions"}],"predecessor-version":[{"id":490,"href":"https:\/\/www.sintecingegneria.it\/visione\/index.php\/wp-json\/wp\/v2\/pages\/451\/revisions\/490"}],"wp:attachment":[{"href":"https:\/\/www.sintecingegneria.it\/visione\/index.php\/wp-json\/wp\/v2\/media?parent=451"}],"curies":[{"name":"wp","href":"https:\/\/api.w.org\/{rel}","templated":true}]}}