{"id":436,"date":"2017-04-04T16:34:13","date_gmt":"2017-04-04T14:34:13","guid":{"rendered":"http:\/\/www.sintecingegneria.it\/vision\/?page_id=436"},"modified":"2017-04-10T13:14:06","modified_gmt":"2017-04-10T11:14:06","slug":"ispezione","status":"publish","type":"page","link":"https:\/\/www.sintecingegneria.it\/visione\/index.php\/campi-di-applicazione\/ispezione\/","title":{"rendered":"Ispezione"},"content":{"rendered":"<p><a href=\"http:\/\/www.sintecingegneria.it\/visione\/wp-content\/uploads\/2017\/03\/ispezione-dettaglio.jpg\" target=\"_blank\"><img loading=\"lazy\" class=\"aligncenter wp-image-279\" src=\"http:\/\/www.sintecingegneria.it\/visione\/wp-content\/uploads\/2017\/03\/ispezione-dettaglio-300x290.jpg\" alt=\"Dettaglio ispezioni prodotto\" width=\"300\" height=\"290\" srcset=\"https:\/\/www.sintecingegneria.it\/visione\/wp-content\/uploads\/2017\/03\/ispezione-dettaglio-300x290.jpg 300w, https:\/\/www.sintecingegneria.it\/visione\/wp-content\/uploads\/2017\/03\/ispezione-dettaglio.jpg 517w\" sizes=\"(max-width: 300px) 100vw, 300px\" \/><\/a><\/p>\n<p>Oltre che ad un&#8217;analisi sui materiali \u00e8 anche possibile effettuare diversi controlli sui prodotti. Ad esempio riconoscimento dimensionale e posizionale, rilevamento presenza\/assenza, sagomatura e pattern-matching.<\/p>\n<p>I nostri sistemi lavorano in linea al fine di rilevare ognuno di questi problemi e generare un segnale di scarto che pu\u00f2 essere acquisito dal sistema di scarto oppure inviato ad una sirena o una torretta luminosa. L&#8217;ispezione \u00e8 garantita per alte velocit\u00e0 e molti tipi di materiali: carta, tessuto, plastica e lamiera. \u00c8 anche possibile effettuare controlli di qualit\u00e0 e validazioni in tempo reale.<\/p>\n<p>C&#8217;\u00e8 la possibilit\u00e0 di fornire diversi segnali a seconda del problema rilevato oppure inviare direttamente un segnale di scarto al relativo sistema. Tutti i difetti possono essere memorizzati in un database con cliente, prodotto, commessa, geometria della difettosit\u00e0, dimensione, posizione, pigmentazione, data e ora. Si possono anche memorizzare informazioni relative al tipo di difettosit\u00e0 riscontrata (trama non rispettata, macchia, &#8230;) e specifiche per una certa lavorazione, come ad esempio la colorazione (tricromia, quadricromia o Tinta-Saturazione-Luminanza). Oltre all&#8217;analisi cromatica, attraverso l&#8217;elaborazione delle immagini acquisite, \u00e8 possibile eseguire anche quella dimensionale e morfologica.<\/p>\n<p><a href=\"http:\/\/www.sintecingegneria.it\/visione\/wp-content\/uploads\/2017\/03\/ispezione-panoramica.jpg\" target=\"_blank\"><img loading=\"lazy\" class=\"aligncenter wp-image-281 size-full\" src=\"http:\/\/www.sintecingegneria.it\/visione\/wp-content\/uploads\/2017\/03\/ispezione-panoramica.jpg\" alt=\"Panoramica ispezioni prodotto\" width=\"666\" height=\"500\" srcset=\"https:\/\/www.sintecingegneria.it\/visione\/wp-content\/uploads\/2017\/03\/ispezione-panoramica.jpg 666w, https:\/\/www.sintecingegneria.it\/visione\/wp-content\/uploads\/2017\/03\/ispezione-panoramica-300x225.jpg 300w, https:\/\/www.sintecingegneria.it\/visione\/wp-content\/uploads\/2017\/03\/ispezione-panoramica-285x214.jpg 285w\" sizes=\"(max-width: 666px) 100vw, 666px\" \/><\/a><\/p>\n<p>I sistemi di visione da noi realizzati possono essere anche impiegati per la guida di robot, lavorazioni autonome, pick &#038; place assistito (anche da contenitori con componenti non ordinati).<\/p>\n<p>Gli elementi ispezionabili comprendono:<\/p>\n<ul>\n<li><a href=\"http:\/\/www.sintecingegneria.it\/visione\/index.php\/ispezione\/bobine\/\">Bobine<\/a><\/li>\n<li><a href=\"http:\/\/www.sintecingegneria.it\/visione\/index.php\/ispezione\/contenitori\/\">Contenitori<\/a><\/li>\n<li><a href=\"http:\/\/www.sintecingegneria.it\/visione\/index.php\/ispezione\/scatole\/\">Scatole<\/a><\/li>\n<\/ul>\n<p><\/p>","protected":false},"excerpt":{"rendered":"<p>Oltre che ad un&#8217;analisi sui materiali \u00e8 anche possibile effettuare diversi controlli sui prodotti. Ad esempio riconoscimento dimensionale e posizionale, rilevamento presenza\/assenza, sagomatura e pattern-matching. I nostri sistemi lavorano in linea al fine di rilevare ognuno di questi problemi e generare un segnale di scarto che pu\u00f2 essere acquisito dal sistema di scarto oppure inviato <a href=\"https:\/\/www.sintecingegneria.it\/visione\/index.php\/campi-di-applicazione\/ispezione\/\" rel=\"nofollow\"><span class=\"sr-only\">Leggi di pi\u00f9Ispezione<\/span>[&hellip;]<\/a><\/p>\n","protected":false},"author":1,"featured_media":0,"parent":451,"menu_order":0,"comment_status":"closed","ping_status":"closed","template":"","meta":[],"_links":{"self":[{"href":"https:\/\/www.sintecingegneria.it\/visione\/index.php\/wp-json\/wp\/v2\/pages\/436"}],"collection":[{"href":"https:\/\/www.sintecingegneria.it\/visione\/index.php\/wp-json\/wp\/v2\/pages"}],"about":[{"href":"https:\/\/www.sintecingegneria.it\/visione\/index.php\/wp-json\/wp\/v2\/types\/page"}],"author":[{"embeddable":true,"href":"https:\/\/www.sintecingegneria.it\/visione\/index.php\/wp-json\/wp\/v2\/users\/1"}],"replies":[{"embeddable":true,"href":"https:\/\/www.sintecingegneria.it\/visione\/index.php\/wp-json\/wp\/v2\/comments?post=436"}],"version-history":[{"count":5,"href":"https:\/\/www.sintecingegneria.it\/visione\/index.php\/wp-json\/wp\/v2\/pages\/436\/revisions"}],"predecessor-version":[{"id":495,"href":"https:\/\/www.sintecingegneria.it\/visione\/index.php\/wp-json\/wp\/v2\/pages\/436\/revisions\/495"}],"up":[{"embeddable":true,"href":"https:\/\/www.sintecingegneria.it\/visione\/index.php\/wp-json\/wp\/v2\/pages\/451"}],"wp:attachment":[{"href":"https:\/\/www.sintecingegneria.it\/visione\/index.php\/wp-json\/wp\/v2\/media?parent=436"}],"curies":[{"name":"wp","href":"https:\/\/api.w.org\/{rel}","templated":true}]}}