{"id":423,"date":"2017-04-04T11:57:36","date_gmt":"2017-04-04T09:57:36","guid":{"rendered":"http:\/\/www.sintecingegneria.it\/vision\/?page_id=423"},"modified":"2017-04-10T12:01:24","modified_gmt":"2017-04-10T10:01:24","slug":"misura","status":"publish","type":"page","link":"https:\/\/www.sintecingegneria.it\/visione\/index.php\/campi-di-applicazione\/misura\/","title":{"rendered":"Misura"},"content":{"rendered":"<p>I nostri sistemi di visione industriale sono in grado di compiere misurazioni a s\u00e9 stanti oppure di tipo coordinato, sempre garantendo robustezza, accuratezza, usabilit\u00e0 e flessibilit\u00e0.<\/p>\n<p>Possiamo quindi implementare applicazioni in grado di controllare e verificare tutti i passi del processo produttivo. Viene fornita, ad esempio, la possibilit\u00e0 di verificare che l&#8217;operaio o il robot sia nella posizione desiderata, individuare con precisione l&#8217;oggetto da lavorare, accertarsi che lo strumento corretto per la lavorazione sia quello attualmente in uso, determinare la giusta azione a seconda dello stato osservato del sistema e controllare se ci sono errori.<\/p>\n<p>Con la nostra tecnologia siamo in grado di combinare la flessibilit\u00e0 della lavorazione manuale con la precisione necessaria per il controllo di qualit\u00e0. Attraverso un processo di visione 2D o 3D possiamo elaborare l&#8217;informazione acquisita e fornire come risultato un&#8217;azione che viene portata a termine da un sistema di attuatori, oppure possiamo fornire indicazioni all&#8217;operatore in modo da permettergli di realizzare in modo ottimale il passo successivo, ed ancora, siamo in grado di memorizzare su di un database tutte le informazioni di interesse realizzando cos\u00ec uno storico che ci permette anche di ricavare a posteriori delle informazioni di tipo statistico.<\/p>\n<p>Tra le possibili misure abbiamo:<\/p>\n<ul>\n<li><a href=\"http:\/\/www.sintecingegneria.it\/visione\/index.php\/misura\/analisi-dimensioni\/\">Analisi dimensioni<\/a><\/li>\n<li><a href=\"http:\/\/www.sintecingegneria.it\/visione\/index.php\/misura\/analisi-dei-particolari\/\">Analisi dei particolari<\/a><\/li>\n<li><a href=\"http:\/\/www.sintecingegneria.it\/visione\/index.php\/misura\/conteggio\/\">Conteggio<\/a><\/li>\n<\/ul>\n<p><\/p>","protected":false},"excerpt":{"rendered":"<p>I nostri sistemi di visione industriale sono in grado di compiere misurazioni a s\u00e9 stanti oppure di tipo coordinato, sempre garantendo robustezza, accuratezza, usabilit\u00e0 e flessibilit\u00e0. Possiamo quindi implementare applicazioni in grado di controllare e verificare tutti i passi del processo produttivo. Viene fornita, ad esempio, la possibilit\u00e0 di verificare che l&#8217;operaio o il robot <a href=\"https:\/\/www.sintecingegneria.it\/visione\/index.php\/campi-di-applicazione\/misura\/\" rel=\"nofollow\"><span class=\"sr-only\">Leggi di pi\u00f9Misura<\/span>[&hellip;]<\/a><\/p>\n","protected":false},"author":1,"featured_media":0,"parent":451,"menu_order":0,"comment_status":"closed","ping_status":"closed","template":"","meta":[],"_links":{"self":[{"href":"https:\/\/www.sintecingegneria.it\/visione\/index.php\/wp-json\/wp\/v2\/pages\/423"}],"collection":[{"href":"https:\/\/www.sintecingegneria.it\/visione\/index.php\/wp-json\/wp\/v2\/pages"}],"about":[{"href":"https:\/\/www.sintecingegneria.it\/visione\/index.php\/wp-json\/wp\/v2\/types\/page"}],"author":[{"embeddable":true,"href":"https:\/\/www.sintecingegneria.it\/visione\/index.php\/wp-json\/wp\/v2\/users\/1"}],"replies":[{"embeddable":true,"href":"https:\/\/www.sintecingegneria.it\/visione\/index.php\/wp-json\/wp\/v2\/comments?post=423"}],"version-history":[{"count":4,"href":"https:\/\/www.sintecingegneria.it\/visione\/index.php\/wp-json\/wp\/v2\/pages\/423\/revisions"}],"predecessor-version":[{"id":488,"href":"https:\/\/www.sintecingegneria.it\/visione\/index.php\/wp-json\/wp\/v2\/pages\/423\/revisions\/488"}],"up":[{"embeddable":true,"href":"https:\/\/www.sintecingegneria.it\/visione\/index.php\/wp-json\/wp\/v2\/pages\/451"}],"wp:attachment":[{"href":"https:\/\/www.sintecingegneria.it\/visione\/index.php\/wp-json\/wp\/v2\/media?parent=423"}],"curies":[{"name":"wp","href":"https:\/\/api.w.org\/{rel}","templated":true}]}}