{"id":302,"date":"2017-03-07T17:48:13","date_gmt":"2017-03-07T16:48:13","guid":{"rendered":"http:\/\/www.sintecingegneria.it\/vision\/?page_id=302"},"modified":"2017-04-10T13:07:33","modified_gmt":"2017-04-10T11:07:33","slug":"barcode","status":"publish","type":"page","link":"https:\/\/www.sintecingegneria.it\/visione\/index.php\/campi-di-applicazione\/confronto\/barcode\/","title":{"rendered":"Barcode"},"content":{"rendered":"<p><a href=\"http:\/\/www.sintecingegneria.it\/visione\/wp-content\/uploads\/2017\/03\/barcode-orizz-sx.png\"><img loading=\"lazy\" class=\"alignnone size-full wp-image-347\" src=\"http:\/\/www.sintecingegneria.it\/visione\/wp-content\/uploads\/2017\/03\/barcode-orizz-sx.png\" alt=\"Codice a barre 3\" width=\"1114\" height=\"117\" srcset=\"https:\/\/www.sintecingegneria.it\/visione\/wp-content\/uploads\/2017\/03\/barcode-orizz-sx.png 1114w, https:\/\/www.sintecingegneria.it\/visione\/wp-content\/uploads\/2017\/03\/barcode-orizz-sx-300x32.png 300w, https:\/\/www.sintecingegneria.it\/visione\/wp-content\/uploads\/2017\/03\/barcode-orizz-sx-1024x108.png 1024w\" sizes=\"(max-width: 1114px) 100vw, 1114px\" \/><\/a><\/p>\n<p>Siamo in grado di sviluppare sistemi che possono acquisire, e decodificare, codici a barre di vario genere. Come quelli utilizzati comunemente sulle confezioni di diversi prodotti. Per loro caratteristica tale tipologia di codice non contiene molta informazione ed \u00e8 possibile leggere pi\u00f9 codici monodimensionali (1D) in contemporanea (nella stessa immagine).<\/p>\n<p>\u00c8 possibile decodificare fino a 100.000 codici a barre per minuto, indipendentemente dall&#8217;orientamento degli stessi.<\/p>\n<p><a href=\"http:\/\/www.sintecingegneria.it\/visione\/wp-content\/uploads\/2017\/03\/barcode-verti-dx.png\"><img loading=\"lazy\" class=\"alignnone size-full wp-image-348\" src=\"http:\/\/www.sintecingegneria.it\/visione\/wp-content\/uploads\/2017\/03\/barcode-verti-dx.png\" alt=\"Codice a barre 2\" width=\"1119\" height=\"239\" srcset=\"https:\/\/www.sintecingegneria.it\/visione\/wp-content\/uploads\/2017\/03\/barcode-verti-dx.png 1119w, https:\/\/www.sintecingegneria.it\/visione\/wp-content\/uploads\/2017\/03\/barcode-verti-dx-300x64.png 300w, https:\/\/www.sintecingegneria.it\/visione\/wp-content\/uploads\/2017\/03\/barcode-verti-dx-1024x219.png 1024w\" sizes=\"(max-width: 1119px) 100vw, 1119px\" \/><\/a><\/p>\n<p>Queste sono le tipologie di codici a barre che siamo in grado di leggere:<\/p>\n<ul>\n<li>Bc412<\/li>\n<li>Codabar<\/li>\n<li>Code 128<\/li>\n<li>Code 39<\/li>\n<li>Code 93<\/li>\n<li>EAN 8<\/li>\n<li>EAN 13<\/li>\n<li>Interleaved 2\/5<\/li>\n<li>Pharmacode<\/li>\n<li>Planet<\/li>\n<li>Postnet<\/li>\n<li>RSS Code<\/li>\n<li>UPC-A<\/li>\n<li>UPC-E<\/li>\n<\/ul>\n<p>Se l&#8217;elenco non include lo standard di vostro interesse vi invitiamo comunque a contattarci. Abbiamo molta esperienza nello sviluppo di soluzioni ad hoc in grado di soddisfare tutte le esigenze dei nostri clienti.<\/p>\n<p><a href=\"http:\/\/www.sintecingegneria.it\/visione\/wp-content\/uploads\/2017\/03\/barcode-verti-sx.png\"><img loading=\"lazy\" class=\"alignnone size-full wp-image-349\" src=\"http:\/\/www.sintecingegneria.it\/visione\/wp-content\/uploads\/2017\/03\/barcode-verti-sx.png\" alt=\"Codice a barre\" width=\"1116\" height=\"220\" srcset=\"https:\/\/www.sintecingegneria.it\/visione\/wp-content\/uploads\/2017\/03\/barcode-verti-sx.png 1116w, https:\/\/www.sintecingegneria.it\/visione\/wp-content\/uploads\/2017\/03\/barcode-verti-sx-300x59.png 300w, https:\/\/www.sintecingegneria.it\/visione\/wp-content\/uploads\/2017\/03\/barcode-verti-sx-1024x202.png 1024w\" sizes=\"(max-width: 1116px) 100vw, 1116px\" \/><\/a><\/p>\n<p>Inoltre per alcuni di questi codici a barre supportiamo differenti codifiche e tecniche di correzione di errore. Ad esempio in alcuni casi \u00e8 possibile limitare il contenuto dell&#8217;informazione a sole lettere, numeri od entrambi. Inoltre anche la lunghezza del testo pu\u00f2 essere variabile.<\/p>","protected":false},"excerpt":{"rendered":"<p>Siamo in grado di sviluppare sistemi che possono acquisire, e decodificare, codici a barre di vario genere. Come quelli utilizzati comunemente sulle confezioni di diversi prodotti. Per loro caratteristica tale tipologia di codice non contiene molta informazione ed \u00e8 possibile leggere pi\u00f9 codici monodimensionali (1D) in contemporanea (nella stessa immagine). \u00c8 possibile decodificare fino a <a href=\"https:\/\/www.sintecingegneria.it\/visione\/index.php\/campi-di-applicazione\/confronto\/barcode\/\" rel=\"nofollow\"><span class=\"sr-only\">Leggi di pi\u00f9Barcode<\/span>[&hellip;]<\/a><\/p>\n","protected":false},"author":1,"featured_media":0,"parent":249,"menu_order":0,"comment_status":"closed","ping_status":"closed","template":"","meta":[],"_links":{"self":[{"href":"https:\/\/www.sintecingegneria.it\/visione\/index.php\/wp-json\/wp\/v2\/pages\/302"}],"collection":[{"href":"https:\/\/www.sintecingegneria.it\/visione\/index.php\/wp-json\/wp\/v2\/pages"}],"about":[{"href":"https:\/\/www.sintecingegneria.it\/visione\/index.php\/wp-json\/wp\/v2\/types\/page"}],"author":[{"embeddable":true,"href":"https:\/\/www.sintecingegneria.it\/visione\/index.php\/wp-json\/wp\/v2\/users\/1"}],"replies":[{"embeddable":true,"href":"https:\/\/www.sintecingegneria.it\/visione\/index.php\/wp-json\/wp\/v2\/comments?post=302"}],"version-history":[{"count":9,"href":"https:\/\/www.sintecingegneria.it\/visione\/index.php\/wp-json\/wp\/v2\/pages\/302\/revisions"}],"predecessor-version":[{"id":492,"href":"https:\/\/www.sintecingegneria.it\/visione\/index.php\/wp-json\/wp\/v2\/pages\/302\/revisions\/492"}],"up":[{"embeddable":true,"href":"https:\/\/www.sintecingegneria.it\/visione\/index.php\/wp-json\/wp\/v2\/pages\/249"}],"wp:attachment":[{"href":"https:\/\/www.sintecingegneria.it\/visione\/index.php\/wp-json\/wp\/v2\/media?parent=302"}],"curies":[{"name":"wp","href":"https:\/\/api.w.org\/{rel}","templated":true}]}}